ist the prime factors of w.
5
Let o(c) be the third derivative of c**5/12 - 7*c**4/6 - 15*c**3/2 - 9*c**2 - 2. What are the prime factors of o(17)?
2, 3, 7, 11
Let q(x) be the third derivative of 9*x**4/8 + 2*x**3/3 - 52*x**2. List the prime factors of q(10).
2, 137
Suppose -20*h + 6 = -17*h. What are the prime factors of h/((-6)/(-11))*(97 + 2)?
3, 11
Suppose n = -2*y - 3293, 28*n = 30*n - 2*y + 6580. Let b = -1821 - n. List the prime factors of b.
2, 3, 5, 7
Suppose 10*y = -689 + 29839. Suppose 28*a - 17*a = y. List the prime factors of a.
5, 53
Suppose -3*p + 38367 = -246*g + 241*g, -5*p + 63865 = 5*g. List the prime factors of p.
13, 983
Suppose 54*q - 169404 = 80076. What are the prime factors of q?
2, 3, 5, 7, 11
Let r be (-528228)/(-180) + (-6)/10. Suppose -y - r = -4*j, 0 = 5*j - 9*j + 5*y + 2942. List the prime factors of j.
733
Let s = 56376 - 31350. List the prime factors of s.
2, 3, 43, 97
Let g = 1676 - 1171. Let z = g - 292. List the prime factors of z.
3, 71
Let n(k) = -654*k - 958. What are the prime factors of n(-14)?
2, 4099
Let c = 2025 - -31009. List the prime factors of c.
2, 83, 199
Let g = 3209 - -182. List the prime factors of g.
3391
Let a be (7 - 215/30)*-42. Suppose -744 + 4349 = a*q. What are the prime factors of q?
5, 103
Let r(h) = h**2 + 114*h + 10. Let p be r(12). Suppose 2*n = -c + 1514, 13*c - 2*n = 12*c + p. List the prime factors of c.
2, 3, 11, 23
Let v = 0 - 54. Let z = v + 318. Suppose -z = -14*d + 6*d. What are the prime factors of d?
3, 11
Let o = 41713 - 24445. What are the prime factors of o?
2, 3, 1439
Let o = 11093 - 1538. What are the prime factors of o?
3, 5, 7, 13
Let r = -29631 + 41983. List the prime factors of r.
2, 193
Let b(h) = h**2 + 25*h + 27. Let d be b(-24). Suppose d*u - 11 = -2. Suppose u*x - 55 = 95. List the prime factors of x.
2, 5
Suppose p - 567 = -2*p. Suppose -127 = -55*l + 38. Suppose 3*g + p = l*w, w - 61 = -0*g + 3*g. List the prime factors of w.
2
Let f = -3206 - -5744. Suppose -19*o = -16*o + f. What are the prime factors of 6/15 - (1 - o/(-10))?
2, 3, 7
Let d(a) = 22594*a + 435. List the prime factors of d(3).
3, 22739
Let j(d) = -d + 9. Let s be j(9). Suppose 2*u = s, 4*u + 1685 = 6*y - y. What are the prime factors of y?
337
Suppose -1295*s + 1296*s = 5. Suppose -5*a = s*u - 2300, -6*a - u = -3*a - 1388. List the prime factors of a.
2, 29
Let m(u) = 35*u**2 - 3*u + 35. Let s = 668 + -664. What are the prime factors of m(s)?
11, 53
Suppose s - 478 = 3*s. Let m = 531 + s. Suppose -106*t = -108*t + m. What are the prime factors of t?
2, 73
Suppose 5*v = 6*v - 676. Let a = v - 366. List the prime factors of a.
2, 5, 31
Let b = 48562 - -18700. What are the prime factors of b?
2, 13, 199
Let d(w) = -6*w**2 - 13*w - 21. Let p(q) = -7*q**2 - 12*q - 22. Let s(m) = -5*d(m) + 4*p(m). Let g be s(-7). List the prime factors of 0 - g - 55/(-5).
3, 5
Suppose 9*k + 32 = 13*k. Suppose -4*x - k*i + 4*i = 4, -5*i = x + 13. Suppose 5*b = 3*c + 399, -5*c = 4*b - x*c - 303. What are the prime factors of b?
2, 3, 13
Let o(i) = 136*i**2 + 7*i - 4. Let v be o(-2). Let f = -224 + v. What are the prime factors of f?
2, 151
Suppose -20 = -4*l, 3*b = -b + 4*l - 12. Suppose 2 = 2*r - 2*q, 6*r = b*r + q - 8. What are the prime factors of ((-8)/(2 + r))/((-10)/(-35))?
2, 7
Let g(o) be the second derivative of -38/3*o**3 - 1/2*o**2 + 0 + 27*o. List the prime factors of g(-1).
3, 5
Suppose -4707 = 28*g + 2517. List the prime factors of -8*g/(-15)*(10 - 15).
2, 43
Let v = -56687 - -79771. List the prime factors of v.
2, 29, 199
Let d(r) be the second derivative of -7*r**5/60 - r**4/2 + 13*r**3/6 - 17*r. Let o(l) be the second derivative of d(l). What are the prime factors of o(-7)?
2, 43
Suppose -10790 = -18*y - 530. Let w = y - 284. What are the prime factors of w?
2, 11, 13
Let k(r) = 6*r + 84. Let g be k(-14). What are the prime factors of 5/(-5)*(g + -337)?
337
Suppose 44*w = -88*w + 328680. What are the prime factors of w?
2, 3, 5, 83
Let k(a) = -a**2 - 8*a + 24. Let d(q) = -q**3 + 12*q**2 - 13*q + 12. Let c be d(11). Let h be k(c). What are the prime factors of 1456/39*21/h?
2, 7
Let x be (-1 - 2)/(15/20). Let a(j) be the third derivative of j**6/120 + 7*j**5/60 + j**4/12 - 13*j**3/6 + 237*j**2. What are the prime factors of a(x)?
3
Let l = 532 + -186. Suppose 24*g - 4330 = -l. What are the prime factors of g?
2, 83
Let x(g) = 174*g - 1499. List the prime factors of x(24).
2677
Suppose 2*m - 28 = -14. Let o = -7 + m. Suppose o*t + 192 = 6*t. List the prime factors of t.
2
Let q(n) be the third derivative of -7*n**6/8 - n**5/20 + n**4/24 - n**3/2 - 3*n**2 + 3. What are the prime factors of q(-2)?
823
Let t(u) = 3*u**3 - u**2 - 6*u + 6. Let a(s) = s**3 + 3*s**2 - 12*s - 7. Let x = -73 + 68. Let k be a(x). What are the prime factors of t(k)?
2, 3, 5
Suppose 18 + 111 = 43*d. Suppose 4*x - 5*x = -47. Let o = x + d. List the prime factors of o.
2, 5
List the prime factors of (-67665)/(-2)*864/1296.
5, 13, 347
Let l = 235 - 263. List the prime factors of (384/l)/((-20)/770).
2, 3, 11
Let s(j) = 3*j - 18. Let c be s(6). Suppose -44*z + 40*z + 32 = c. What are the prime factors of z/24 - (0 + (-592)/6)?
3, 11
Suppose 50*n = -92376 + 507526. What are the prime factors of n?
19, 23
Suppose 2*x + 16*i - 29 = 15*i, 5*i + 5 = 0. Suppose 4*m + x - 61 = -j, 189 = 3*j - 5*m. What are the prime factors of j?
2, 29
Suppose 15140*j - 220190 = 15130*j. List the prime factors of j.
97, 227
Suppose 832*c + 18926 - 3846 = 845*c. What are the prime factors of c?
2, 5, 29
Suppose -10*u + 1109 = 5*l - 14*u, -5*u = -20. Suppose l + 39 = 6*y. What are the prime factors of y?
2, 11
Suppose 147668 + 266573 = 10*f + 81841. List the prime factors of f.
2, 3, 5, 277
Let t(d) = -d**3 - 84*d**2 + 88*d - 1491. List the prime factors of t(-86).
3, 7, 13
Suppose -5*d + 75*i + 12414 = 77*i, 3*d + i = 7448. What are the prime factors of d?
2, 17, 73
Let v(t) = -7 - 14 + 6 - 35*t. Let z be v(-10). Suppose -z = -4*w + o, -32 = -5*w + o + 387. List the prime factors of w.
2, 3, 7
Suppose 134*b - 142*b = 6680. Let k = b - -1306. What are the prime factors of k?
3, 157
Let z = -70 - -73. Let q be (-4)/(-24)*z - (-5)/(-2). List the prime factors of q*3/6*(2 + -115).
113
Let t be (3*(-49)/42)/((-3)/6). Suppose p + t*o = 2*o + 98, 4*o - 406 = -5*p. What are the prime factors of p?
2, 3, 13
Suppose -5*g = 23*c - 20*c - 105324, 5*c + 105380 = 5*g. What are the prime factors of g?
3, 2341
Suppose 7*o - 9*a - 6493 = -5*a, 0 = o + a - 937. What are the prime factors of o?
7, 19
Suppose -2*h - 21743 = 3*p - 93458, 2*p + 10 = 0. What are the prime factors of h?
3, 5, 797
Let t(c) = -9*c**3 - 5*c**2 - 3*c + 2. Let y be t(-2). List the prime factors of -2 + y/33 + 90/11.
2
Suppose 5*t - 3925 = 3*z, 1491*t = 1488*t + 5*z + 2371. What are the prime factors of t?
2, 17, 23
Let a = 62 + -65. Let h be (-45)/a - (-2 - -3). List the prime factors of h + 0 + -1 + -3 - -2.
2, 3
Let k(q) = q**3 + 8*q**2 - q + 21. Let d be k(-8). Let a = d + 1516. What are the prime factors of a?
3, 5, 103
Let x = 461 + -378. List the prime factors of ((-6)/(-1) + 58)*x/4.
2, 83
Let l be -4 - (-1 + -1) - (-1 - -3). Let b be 4/5*30/l. What are the prime factors of (284/(-12) + -1)*b/4?
37
Let x(c) = -387*c - 2424. List the prime factors of x(-57).
3, 5, 7, 11, 17
Let o(g) = 6*g**2 + 17*g + 368. List the prime factors of o(-27).
4283
Suppose -4*h + 5*c = 4481, h = 2*h + 2*c + 1130. Let j = -693 - h. List the prime factors of j.
431
Suppose 4*w = -u + 6424, 2*u + 12836 = 4*u + 4*w. What are the prime factors of 9/36 + (-3 - u/(-16))?
2, 199
Let n(d) = -614*d + 78. Let p(t) = -205*t + 27. Let x(o) = -6*n(o) + 17*p(o). List the prime factors of x(4).
787
Let m = 5254 + -1449. Suppose m = 5*q - 5*l, 2*q + 29*l - 1557 = 24*l. List the prime factors of q.
2, 383
Let y(f) = -f**3 - 34*f**2 + 46*f + 36. Let i be y(-35). Let x = i + 403. List the prime factors of x.
2, 3
Let p be 2/(-32) + 11081/(-112). Suppose 4*n + 744 = -5*t, -4*n + 732 = -8*n - 2*t. Let v = p - n. List the prime factors of v.
2, 41
List the prime factors of (-2557098)/(-108) - (552/1008 + (-4)/(-14)).
2, 3, 1973
Suppose -191355 = -13*u - 88567 + 263435. List the prime factors of u.
11, 13, 197
Let b = 100 + -30. Suppo